p - t, p + 0*t = 4*t + 88. Suppose -5*w + 5*i = -675, 0 = w + i - p - 69. Calculate the greatest common factor of 17 and w.
17
Let b be 1263 - ((-28)/(-14 + 7) - 6). Calculate the greatest common divisor of 23 and b.
23
Let p(j) = -15*j + 263. Let a be p(8). Calculate the greatest common divisor of 117 and a.
13
Let u = -6207 - -6567. Calculate the highest common factor of u and 990.
90
Let n = 8214 + -8067. What is the greatest common divisor of 343 and n?
49
Let s(u) = 904*u + 4737. Let a be s(-5). What is the highest common factor of a and 961?
31
Let x = 46706 - 12320. What is the greatest common factor of x and 11?
11
Let y(q) = 15*q**3 - 26*q**2 + 92*q - 36. Let h be y(6). What is the greatest common divisor of 752 and h?
188
Suppose 105644 = 19*u - 30681. Suppose -7*q + 196 = -u. Calculate the highest common divisor of q and 81.
81
Suppose -70 = -3*g + g. Suppose -55*r - 349 = -903 - 601. Calculate the highest common divisor of r and g.
7
Suppose 0 = 17*u - 3870 + 3360. What is the highest common factor of 2400 and u?
30
Let c(s) = -5*s - 14. Let j be c(-7). Suppose 4*r - 5*w - 445 = 0, -w - 49 = -4*r + 376. Calculate the highest common divisor of r and j.
21
Let g = -272 - -265. Let y be 16/((-2)/(-23 + g)). Calculate the highest common divisor of 30 and y.
30
Suppose 0 = 3*j - 6, -c - 2*j + 11 = 1. Let n(x) = 10*x**2 - 12*x - 1. Let f be n(-8). Suppose o + f = c*o. Calculate the greatest common factor of o and 21.
21
Suppose -3*n = 2*n - 420. Suppose -13*j - 3808 + 15820 = 0. What is the highest common factor of j and n?
84
Suppose -1044 = x - 13*x. Suppose 3*y + 3 = 18, -4*p + x = -y. Let b = 130 - -31. Calculate the highest common divisor of p and b.
23
Let p(j) be the third derivative of 85*j**4/24 - 7*j**3/2 + 2*j**2. Let x be p(3). Calculate the highest common divisor of x and 26.
26
Let n(m) = m**3 - 10*m**2 + 12*m + 18. Let y be n(11). Let g = -258 + y. Calculate the highest common divisor of g and 52.
13
Suppose -4*x = 4*i, i + i = -4*x + 4. Suppose x*o = 259 + 37. Let q = 211 - o. What is the greatest common factor of q and 7?
7
Suppose 5*d = -q + 214, -q + 242 = 3*d - 5*d. Suppose 0*g + q = 9*g. Let y be (-2)/(-8) + (-204)/(-16). Calculate the highest common factor of g and y.
13
Let q = 118 + 2. Let k be -100 - 1/((-2)/(-6)). Let z = -63 - k. Calculate the highest common divisor of z and q.
40
Let z = 62 - 65. Let f be z/15 - (-320)/(-25). Let j = f + 23. What is the highest common factor of j and 80?
10
Suppose 0 = 7*i - 3*i + 4*i - 7448. Calculate the greatest common divisor of i and 1197.
133
Suppose 5*w = -v + 136, 0 = 4*v + 3*w + w - 512. Calculate the greatest common factor of v and 4374.
18
Let a = -89 - -88. Let x be (20/(-16))/(a/4). What is the greatest common divisor of 45 and x?
5
Suppose -266*k - 2*g = -261*k - 1277, 0 = 5*g - 5. What is the greatest common divisor of 3774 and k?
51
Let r = -56 + 54. Let j be (-2)/r + 10 + -14. Let k be (10/j - 0)*(-90)/25. Calculate the highest common divisor of 60 and k.
12
Let p(b) = -22*b + 2063. Let f be p(89). What is the greatest common factor of f and 91?
7
Suppose 3*o + 8 = -o, 0 = 4*x - 5*o - 166. Let s = -35 + x. Suppose s*v - 75 - 77 = -5*m, 5*v - 181 = -4*m. Calculate the highest common divisor of v and 3.
3
Suppose 4*a = -5*x + 136, 193*x - 192*x = a - 43. Calculate the greatest common factor of a and 14235.
39
Let f = -9569 + 9782. What is the highest common divisor of f and 3621?
213
Let h be (-18)/(-36)*(-718)/(-1). Suppose 2*g - h = -0*a - 3*a, 2*g = -5*a + 597. Let i be (-34)/(-4)*(-2)/(-1). What is the greatest common factor of i and a?
17
Let l(a) = -a**2 + 4*a + 23. Let x be l(8). Let g be ((-2884)/(-18) - 6) + 2/x. What is the greatest common factor of g and 28?
14
Let s = 2605 - 2570. What is the highest common divisor of s and 5845?
35
Suppose f + 3067 = 2*u, 2*u + 19*f = 22*f + 3065. What is the highest common divisor of 104 and u?
26
Let x be 4/(-24) - 6910/12. Let v be (-126272)/x + 4/(-18). What is the greatest common factor of v and 146?
73
Let o(r) = 54*r**2 + 26*r - 6. Let i be o(3). Let y = i + 71. What is the highest common factor of 74 and y?
37
Suppose 14*p + 441531 = 95*p. What is the highest common factor of 345 and p?
69
Let j(h) = 91*h. Let c be j(1). Let d = -52134 + 52148. What is the highest common factor of c and d?
7
Suppose 77*k + 161*k - 20400 = -187*k. Suppose 4*t - 264 = 2*t. What is the highest common factor of t and k?
12
Suppose -3*b + 108 = -9*b. Let z be b/8*(-3 - 1). Calculate the greatest common divisor of 12 and z.
3
Let z be 5/(-10)*5/((-35)/12614). Calculate the greatest common divisor of z and 85.
17
Suppose 2*k + 3*k - 60 = -5*k. What is the greatest common factor of k and 1108?
2
Suppose 105 = 5*j - 3*h + 2*h, h = -2*h. Calculate the highest common divisor of j and 483.
21
Let b be (373/(-1) + -3)*(-18)/8 + 6. Calculate the greatest common factor of b and 108.
12
Let z be 65*((-80)/(-680) + 4/(-34) + 1). Calculate the highest common factor of 440 and z.
5
Suppose 0 = 2*u + s - 23, -2*u = 4*s - s - 29. Let i = 99 - 89. Calculate the highest common divisor of u and i.
10
Let o(a) = 18*a + 70. Let n be o(9). Let m = 251 - n. Calculate the greatest common divisor of 114 and m.
19
Suppose x = 13 - 17, -3*x + 264 = 4*t. What is the greatest common factor of 46 and t?
23
Let y = -482 - -485. Let t be -2*y/(-6)*15. Calculate the highest common factor of 255 and t.
15
Let q be (-15)/3 + (-94)/(-47). Let i be 2/8 + 7/4. Let z be q/i - 150/(-12). Calculate the greatest common divisor of z and 99.
11
Let o = 865 - 481. Suppose o*p + 60 = 386*p. Calculate the highest common divisor of 8 and p.
2
Let r(t) = -714*t - 4465. Let z be r(-9). What is the greatest common divisor of z and 689?
53
Let t be (21/(-4))/(30/80). Let m be (10/4)/(t/(-84)). Suppose -3*j = -11*j + 48. Calculate the highest common factor of j and m.
3
Let g(r) = -r**3 + 61*r**2 - 345*r + 35. Let o be g(29). What is the highest common divisor of o and 43?
43
Let m(k) = k**3 - 29*k**2 + 25*k + 50. Let c be m(27). Let i = c + 757. Calculate the highest common divisor of i and 128.
8
Let z(a) = -2*a**2 + 26*a - 66. Let y be z(7). What is the greatest common divisor of 540 and y?
18
Let p be -4*(5 - (-11)/(-2)). Suppose 0 = -5*v - 3*a + 67 - 9, 4*v = -p*a + 46. What is the highest common divisor of 143 and v?
11
Suppose -6*q + 51 = 21. Let s(p) = -16*p**2 - 2*p + 5. Let k be s(q). Let y = -171 - k. Calculate the greatest common divisor of y and 26.
26
Let y = 19 - 14. Suppose 5*s = 4*a + 6, -2*s + 10 = y*a + 1. Suppose j - s*g - 2*g - 40 = 0, -g + 120 = 3*j. Calculate the greatest common divisor of j and 40.
40
Let w be 2 + -2 + 25*3. Suppose -15 = -3*o + 3*j, 20 + 0 = -4*j. Suppose -3*p - 5*f + 55 = o, f - 76 = -4*p - 14. What is the greatest common factor of p and w?
15
Suppose 2*m = -4 + 8. Let q = 76 + -52. Suppose 222 = 5*s - m*i, 0 = s + i - q - 19. What is the highest common divisor of s and 110?
22
Let s(w) = -w**3 + w**2 - 2*w - 2. Let c be s(0). Let g be (13 + c - 2) + 7. Calculate the highest common factor of g and 32.
16
Suppose 3*g - 3 = 0, 3*v + 5*g - 1541 = -v. Let z be ((-135)/(-54))/(25/(-15))*-4. What is the highest common divisor of v and z?
6
Let t(c) = 3*c**2 - c + 9. Let n be t(3). Suppose n*i = -1363 + 7600. What is the highest common divisor of 18 and i?
9
Let r = 228 - 215. Let c(o) = o**3 - 9*o**2 + 16*o - 13. Let i be c(7). What is the highest common divisor of r and i?
1
Let f = -72 + 20. Let d = -65 - f. Let u = d - -16. What is the greatest common factor of u and 15?
3
Suppose 8*m = -0 - 24. Let f be 0 + (84/m)/4. Let s be f/((-196)/8) + 57/21. What is the highest common factor of s and 3?
3
Let d = -250 + 416. Let q = d + -160. What is the highest common divisor of q and 48?
6
Suppose 2*w + 3*j - 2716 = 0, 3*w - 2492 - 1582 = 3*j. What is the highest common divisor of 14 and w?
14
Suppose -f = -0*f - 3, 0 = -4*w + 4*f - 144. Let p = 39 + w. Suppose 0 = 5*v - p*v + 4. Calculate the greatest common factor of v and 40.
4
Suppose 0 = -7*c + 1759 - 3747. Let y = 318 + c. Suppose 2*t - 3*t + 2 = 0. Calculate the greatest common divisor of t and y.
2
Let c = 549 + -368. Let o = c - 145. What is the greatest common factor of o and 684?
36
L